322 + -1262. Let l be 8/12 + 56/6. Suppose l*b = -10 + z. Determine a(b).
0
Let a(l) = -2*l**2 - 15*l + 76. Let u(p) = -4*p**3 - 256*p**2 + 261*p + 54. Let v be u(-65). Give a(v).
-1
Let b = -34 + 38. Suppose 3*i = -b*g + 28, 0 = -3*g + 3*i + 5 + 16. Let d(c) = -c**3 - 2130 - 6*c + 8*c**2 + 2130. Determine d(g).
7
Let s(c) = -c**3 + 4*c**2 + 4. Suppose 5*u - 239 = -3*d, -4*u - d + 63 = -124. Let g = 54 - u. Let p(x) = 2*x - 12. Let o be p(g). Calculate s(o).
4
Suppose 17 = 22*d - 27. Let p(g) = -3*g**3 - 1 + d*g**3 - 4*g**3 - 30*g**3. Calculate p(-1).
34
Suppose 50 = 6*u - 22. Let q(z) = u - 15*z - 9*z - 13*z - 6*z + 42*z. Give q(13).
-1
Let j = -2590 + 2584. Let z(f) be the second derivative of f**2 + 0 + 1/6*f**3 - 3*f. Give z(j).
-4
Suppose h - 4*g = g - 17, 0 = -g + 4. Suppose h*d - 184 = 131. Let m = 105 - d. Let i(l) = -l**3 + 4. Give i(m).
4
Let o(m) be the third derivative of -1/12*m**4 + 0*m - 1/2*m**3 + 32*m**2 + 0. Determine o(-7).
11
Suppose -15487 = -46*m - 15027. Let f(x) = x**2 - 12*x + 17. Determine f(m).
-3
Let s(x) be the first derivative of x**4 + x**3/3 + x**2 - 7*x + 1337. Give s(3).
116
Let v be 42/4*((-162)/(-42) - 3). Let s(d) = -6*d**2 + d**3 - v + 12 - 5. Calculate s(6).
-2
Let o(i) = -3*i + 7. Let f be 5/(-15) - (-2320)/(-6) - -4. Let j = 376 + f. Calculate o(j).
28
Let x(b) = b**3 + 9*b**2 + 6*b - 2. Let o = -934 - -635. Let s be 2/(-23) + (-10491)/o. Suppose q = -c - 3*c - s, -q + 5 = -c. What is x(c)?
14
Let a be 4/(-12)*-21 + -3 + 2. Let o(k) be the second derivative of -k**3/6 - 7*k**2/2 - 6*k. What is o(a)?
-13
Let h(b) = -b**2 - 8*b + 3. Suppose -y - 5*k + 458 = 0, -5*y + 1980 = 5*k - 210. Let d = y + -442. Calculate h(d).
-6
Let s = 294 + -214. Suppose -7*g + 23*g - s = 0. Let k(i) = -i**3 + 4*i**2 + 4*i - 1. Determine k(g).
-6
Let b(p) = -616 + 2*p - 613 + 1246. Calculate b(-8).
1
Let h(u) = 55*u + 1192 + 4*u**2 + 1146 - 2345. Give h(-14).
7
Suppose 2*w + 4*h = 6*w - 8, -4*h + 48 = 3*w. Let f(i) = i**2 - 8*i - 10. Calculate f(w).
-10
Let h(i) = -25 - 2*i + 1165947*i**2 + 5*i - 1165946*i**2. Calculate h(5).
15
Let q(i) = 0*i - 22*i + 65*i + 184 - 15*i - 22*i. Determine q(-30).
4
Let i = 350 + -348. Suppose 0 = -2*h + 28 - 26, -i*h - 8 = 2*j. Let n(q) = q**3 + 2*q - 2 - q - 4*q + 5*q**2. Determine n(j).
13
Let w(t) be the second derivative of t**4/24 - 2*t**3/3 + 157*t**2 - t - 5. Let q(s) be the first derivative of w(s). Determine q(-4).
-8
Let u(d) = -13*d - 5. Let r(n) be the second derivative of 0 + 7/6*n**3 + 16*n + 3/2*n**2. Let w(c) = -7*r(c) - 4*u(c). Determine w(-1).
-4
Let b(i) be the first derivative of -i**4/4 + 16*i**3/3 + 3*i**2 + 191*i + 3444. Calculate b(17).
4
Let w(l) be the third derivative of -37*l**5/60 - l**4/8 + l**3/2 + 2733*l**2. What is w(2)?
-151
Suppose 5 - 15 = -5*h + 10. Let x(o) = -5*o**2 + 8*o - 2. Let s = -16 + 20. Let m(y) = 9*y**2 - 15*y + 3. Let p(b) = s*m(b) + 7*x(b). Calculate p(h).
-2
Let q(g) = 4*g - 9. Let t = -371 + 364. Let o(f) = -22*f - 148. Let b be o(t). Give q(b).
15
Let r(y) = -y**3 - 4*y**2 + 7*y + 6. Let a = 10 + -5. Let d(h) = -2 + 33 - 7 - 5*h - 3. Let m be d(a). Determine r(m).
-22
Let a(r) = 3*r**2 - 12*r - 31. Let n(b) = -2*b**2 + 13*b + 32. Let g(m) = -3*a(m) - 4*n(m). Calculate g(-17).
-52
Let b(a) = -2*a - 2*a**2 + 6*a - a + 10*a**3. Let v = -5134 + 5135. Let x be b(v). Let s(q) = -q**3 + 12*q**2 - 13*q + 12. What is s(x)?
-10
Let x = -328 - -334. Let z(n) = -2*n**3 + 9*n**2 + 21*n - 5. Give z(x).
13
Let f(a) = -a**2. Let y = 129 + -128. Let i(u) = 5*u**2 + u - 4. Let t(x) = y*i(x) + 4*f(x). What is t(3)?
8
Let n(a) = -a**2 - 20*a - 37. Let h(o) = -5*o**2 + 550*o + 537. Let i be h(111). Determine n(i).
-1
Let r = -3/2146 + 4301/6438. Let j(d) be the second derivative of d + 0*d**3 + 0 + r*d**4 + 0*d**2. Determine j(1).
8
Suppose 2*l - d = -3, -32*l = -30*l - 5*d - 1. Let p(f) be the third derivative of -f**4/12 + f**3/3 + 4*f**2. Calculate p(l).
6
Let d be (17/((-816)/36))/(3/(-8)). Let p(y) = -81*y**2 + y + 9*y + 82*y**d - 8. Give p(-10).
-8
Let u(x) = x + 5. Let h(p) = -4*p + 15. Let g be h(-11). Let j = g - 61. Let o be (-5)/j*8/5. Calculate u(o).
9
Let h(w) = w**3 - 20*w**2 - 2*w + 41. Let k = -7346 - -7366. Calculate h(k).
1
Let i(d) be the third derivative of d**5/60 + 3*d**4/4 - 8*d**3/3 + 2460*d**2. Give i(-20).
24
Suppose 0*g + 2*g = 4*p - 52, -4*g = -3*p + 109. Let r be 3 + 228/g - 7/(-49). Let d(x) = 7 + 2 - x**2 - 2 - x. What is d(r)?
-13
Let u be 2 - ((-344)/10 + 14/35). Let p = -29 + u. Let z(l) = l**3 + 317 + p*l + 6*l**2 - 317. Determine z(-5).
-10
Let j be (39/52)/(9/192). Let h(d) = -9*d + j - d**2 + 17 + 11 - 43. What is h(-6)?
19
Let k(r) = -7*r**2 + 22*r + 7. Suppose 3*s = w + 15, -1235*s + 1231*s + 13 = w. Determine k(s).
-17
Suppose 0 = -4*q - 3*t - 4, 2*q - 4*t = -6*t - 4. Suppose 0 = 4*o + q - 10. Let x(n) = -n**2 + n - 1. Determine x(o).
-3
Let i(w) be the third derivative of 29*w**4/24 - 847*w**3/6 + 227*w**2 + w - 2. Give i(29).
-6
Let q(w) be the third derivative of w**5/60 + 7*w**4/24 - w**3/2 - 5*w**2. Let r(f) = -234*f + 930. Let b be r(4). Give q(b).
-9
Let f(o) be the second derivative of -1/12*o**4 - 9 - 2*o - 1/2*o**2 - 2/3*o**3. Let x be (2/2)/(2/(-10)). Give f(x).
-6
Let s(u) be the third derivative of -50*u**2 + 3/2*u**3 + 0*u - 2 + 1/24*u**4. Calculate s(8).
17
Let y = -73 + 85. Let v be (-4 - (-56)/y) + 20/(-12). Let b(z) be the third derivative of 7*z**5/20 - z**4/12 - z**3/6 - 16*z**2. Determine b(v).
22
Let w(b) = 4*b**2 + 213155*b - 5*b**2 - 47 - 213172*b. Determine w(-15).
-17
Let d(u) = -u**3 + 4*u**2 + 3*u + 3. Let r = -122 - -90. Let z = r + 37. Suppose -z*p + 30 = -2*h, 0*p - 3*p = 5*h + 13. Determine d(p).
15
Suppose -4*w + 44 = 4*g - 84, w = 4*g - 138. Let a = -9 + g. Suppose -5*z - a = -5*v, -z + 14 = 3*v - 3*z. Let k(q) = -q**3 + 4*q**2 - 2*q - 4. Calculate k(v).
-12
Let y(l) = -62*l + 1234. Let t be y(20). Let q(b) be the first derivative of 6 + b - 1/2*b**2. What is q(t)?
7
Let l(q) = q**2 + 3*q + 3. Let g be l(-3). Suppose 0 = g*o + 1 - 7. Let a(b) be the first derivative of 3*b**2 - 2*b + 7. Calculate a(o).
10
Let v(p) = -5*p - 11. Let q(s) = -13*s - 22. Let m(a) = -2*q(a) + 5*v(a). Let l be m(0). Let k(g) = -g**3 - 10*g**2 + 13*g + 16. What is k(l)?
-6
Let m(g) = 205 - 394 + 14*g - g**2 + 195. What is m(12)?
30
Let f(p) be the third derivative of p**4/4 + p**3/3 + 184*p**2 + 2*p - 2. Let r = 0 - -2. Determine f(r).
14
Let v(z) be the second derivative of z**3/6 - 4*z + 7. Suppose -11*l - 50 = -6. Calculate v(l).
-4
Let n(z) = 3*z**2 - 7*z + 2. Let a(g) = 123*g - 1471. Let p be a(12). Calculate n(p).
42
Suppose -2*u = 2*a - 28, 3 = -u - 4*a + 2. Let r(x) = 6*x - u*x + 10 + x**2 - 38 + 6*x. Let v be r(10). Let o(b) = 2*b**3 - 2*b**2 - 2*b + 2. Give o(v).
6
Let q(l) = -l**3 - 13*l**2 - 22*l - 121. Let j be q(-12). Let n(w) = -w + 2 - 3 - 3*w**2 + 2*w**2 - w**3. Determine n(j).
0
Let u(x) = x**3 - 4*x**2 - x - 6. Let k(f) = -3*f**3 + 31*f**2 + 26*f - 4. Let l(i) = k(i) + 4*u(i). What is l(-13)?
24
Let y(i) be the third derivative of -i**5/60 - 17*i**4/24 - 8*i**3/3 + 1929*i**2. What is y(-14)?
26
Suppose 21*w + 7 - 7 = 0. Suppose -2*r = -3*r. Let p = r + w. Let m(f) = f - 12. What is m(p)?
-12
Let k(n) be the second derivative of -2*n**3/3 + 9*n**2/2 - 1116*n. Give k(5).
-11
Let n(m) = 4*m + 33. Let u be n(-7). Suppose 7*b - u*b = -2*b. Let s(i) = -i**2 + 16. Give s(b).
16
Let v = 59470/3 - 19823. Let x(m) be the third derivative of -3*m**2 - v*m**3 - 1 - 1/60*m**5 - 1/3*m**4 + 0*m. Calculate x(-8).
-2
Suppose 5*m = -5*c - 410, 2*m - 4*c = -3*m - 410. Let k(w) = -w**3 - 4*w - 4. Let s be k(-4). Let g = m + s. Let u(b) = -b**3 - 5*b**2 + 5*b - 6. Give u(g).
0
Let l(i) be the first derivative of 2*i**2 + 9*i + 39. Suppose w - 55 = -61. Calculate l(w).
-15
Let q(a) be the third derivative of 1/120*a**6 + 1/8*a**4 - 1/12*a**5 + 18*a + 0 - 2/3*a**3 - a**2. Calculate q(4).
-8
Let a(t) be the third derivative of -5*t**4/24 - 8*t**3/3 + 1393*t**2 + t. Give a(-16).
64
Let i = -13743 + 13757. Let m(h) = h**3 - 16*h**2 + 27*h - 2. Determine m(i).
-16
Suppose -x + 5 - 6 = 0. Let z(t) = -42 - 15*t - 42 + 83 + 23*t - 13*t. What is z(x)?
4
Let j(d) be the third derivative of 5*d**4/12 + d**3/6 + 37*d**2 - 12